g) = -6 + h*g - 1 - 4*g + 8. What is q(2)?
-3
Let r be 2/(1 - 3/5). Let q be (642/(-5))/(114/20 + -6). Let d(w) = -425*w + 4 - 6*w**2 - 5*w**3 + 6*w**3 + q*w. Give d(r).
-6
Let m(r) = -1 + 0*r**2 - 17*r**3 - 2*r**2 + 8*r**3 - r**2 - r + 8*r**3. Let c be -2 + 1 + 1 + -2. Give m(c).
-3
Let l be (-66)/(-9) + 4/6. Let y(c) be the first derivative of c**3/3 - 5*c**2 + 11*c - 709. Determine y(l).
-5
Suppose -4*s - 5*r = -68, -2*s + r = -16 - 32. Let p(a) = a**3 - 24*a**2 + 45*a - 12. Determine p(s).
10
Let o(q) = -3*q - 5. Suppose -4*g + 4*b + 8 = 0, -4*b - 13 = -3*g - 2. Give o(g).
4
Let p(g) = -23544*g**3 + 2 - 3*g + 1 + 23545*g**3 - g**2. What is p(-3)?
-24
Let j be (24/18)/(-1)*9. Let g(a) = a + 19. What is g(j)?
7
Let k(s) = -14*s + 2. Let p be k(0). Let h(u) be the second derivative of 0 + 4*u - 7/6*u**3 - u**p - 1/12*u**4. What is h(-3)?
10
Let f(j) = 8 - 47*j + 47*j + j**3 - 9*j**2. Let u = 164 - 155. Give f(u).
8
Let n(i) = -7*i + 291. Let z be n(42). Let v(u) = -8*u - 4. Calculate v(z).
20
Let d be (-12)/(-3) + (-16)/4. Let z(j) = 32 - 5 - 7 - j - 11. Calculate z(d).
9
Let a be (24/(-16))/((-2)/4). Let y be a*((-5)/(-3) - 3). Let x(r) = 2*r**2 + 5*r + 3. Calculate x(y).
15
Let h(g) be the third derivative of g**9/60480 - g**8/3360 + g**6/720 + 11*g**5/30 - 6*g**2. Let t(n) be the third derivative of h(n). What is t(6)?
1
Suppose 24 + 4 = -4*p. Let h(v) = -49 + 46 + v - 3*v. Give h(p).
11
Let b = -29 - -27. Let d(n) be the second derivative of n**5/20 + n**3/6 - 4*n. Calculate d(b).
-10
Let r(z) = -6*z**3 + 7*z**2 + 8*z + 11. Let m(v) = 5*v**3 - 6*v**2 - 6*v - 9. Let f(c) = 5*m(c) + 4*r(c). Calculate f(3).
14
Let y(z) be the first derivative of z**5/20 + z**4/4 + z**3/2 + 3*z**2/2 + 34*z - 21. Let b(o) be the first derivative of y(o). Determine b(-3).
-6
Let l(n) = -3 - 36*n + 33*n - 100*n**3 + 98*n**3. Give l(3).
-66
Let o(d) = d**2 - d - 4. Let q = -35 + 38. Let i be (-1 - -1)*(-1)/q. Suppose -j + 5*v + i = -9, -4*v = -5*j + 24. What is o(j)?
8
Let h(r) = -2*r**3 + 4*r**2 - 3*r - 2. Suppose -v - 24 = -9*v. Calculate h(v).
-29
Let b(k) = 8*k - 5*k - 1 + 12*k. Let u = -518 - -519. Calculate b(u).
14
Let s(i) = i**2 + i + 2. Let f(v) = -6*v**2 - 10*v + 2. Let o(a) = -f(a) - 4*s(a). Calculate o(-4).
-2
Let n(s) = 0*s**3 + 6 - 154*s + s**3 + 155*s. Calculate n(0).
6
Suppose 0 = 17*k - 70 - 15. Let g(h) be the first derivative of h**4/4 - 7*h**3/3 + 4*h**2 - 3*h + 14. What is g(k)?
-13
Let l(y) = y**3 + 3*y**2 - 8*y + 4. Suppose 9 = -5*k + 2*f - 8, 0 = -4*f - 16. Give l(k).
-6
Let g = -8 - -12. Let n(d) be the first derivative of d**2 + 47. What is n(g)?
8
Let o be 5/2 - (-7)/(-14). Let s(g) = 4 - 3*g**o - 12*g - 11*g + 20*g. What is s(-3)?
-14
Let z(o) = 5*o**2 - 15*o - 5. Let w(g) = 2*g**2 - 7*g - 3. Let h(l) = 7*w(l) - 3*z(l). Give h(-6).
-18
Suppose 4*u - 3*u - 16 = -3*z, -4*u - 6 = -2*z. Suppose w - z*w = 0. Suppose 3*b - 7*b = w. Let a(n) = -n - 5. Determine a(b).
-5
Let s(z) = z**2 - 32*z - 36. Let v(f) = -15*f - 18. Let o(p) = 2*s(p) - 5*v(p). Give o(-6).
24
Let b(u) = -1 + 0*u - 2*u + 0*u + u. Suppose 10 = -5*d + 3*d. Let a = d - -2. Give b(a).
2
Let h(s) = -30*s + 19*s - s**2 + 6 + 12*s**2 + 22*s - s**3. What is h(12)?
-6
Suppose -b = 2*u - 4 - 6, 3*u + 7 = 4*b. Suppose -2 = -8*y + 3*y + r, -u*r + 14 = 5*y. Let p(f) = 5*f + 1. What is p(y)?
6
Let j(h) be the first derivative of -h**4/4 - 3*h - 1. Let k be 0/(8/20*-5). What is j(k)?
-3
Let s = 9 + 0. Let u(n) = -n**3 + 10*n**2 - 9*n + 3. Let k be u(s). Suppose 3*j - 6*j + k*x - 18 = 0, -2*j - 3*x = -8. Let c(z) = z**2 + 1. Calculate c(j).
5
Let q be 6/8 + 168/(-224). Let v(i) = -2*i**3 - i**2 - 5. Give v(q).
-5
Let f = 4 + -2. Let t(w) be the first derivative of 2/3*w**3 - 7 - 2*w**2 + 2*w. What is t(f)?
2
Suppose -g = -2*w + 8, 0 = 3*g + 12 - 18. Let z(x) = x**2 - 11*x + 24. What is z(w)?
-6
Suppose -2*w = -w - 3. Suppose -w*n + 320 = -922. Let b be (-4)/(-22) + n/(-99). Let y(q) = 2*q**2 + 5*q - 2. Determine y(b).
10
Let u(r) = 74*r**2 - 74*r**2 - 17 - 4*r**2 + 2*r**3 + 3*r - 3*r**3. Give u(-5).
-7
Let r(u) = -2*u - 5. Suppose -4*m - 3*d + 6*d = -16, 0 = d. What is r(m)?
-13
Let i(c) = c**2 + 5*c - 1. Let v(j) = -4*j + 4. Let w be v(0). What is i(w)?
35
Let y(t) = -t**3 + 22*t**2 - 2*t + 47. Let h be y(22). Let j(v) be the first derivative of -4 + 3*v + v**2 - 1/3*v**h. Determine j(3).
0
Let p(a) be the third derivative of -a**5/15 + a**4/6 - 2*a**3/3 - 30*a**2. What is p(3)?
-28
Let i(h) = 6*h**3 - 2*h**2 - h - 2. Let y(b) = -b**3 - b**2 + b - 1. Let j(p) = -i(p) + y(p). Calculate j(-1).
7
Suppose 0 = 5*x + c - 36, 0 = 6*x - 4*x + c - 12. Let a(j) = 4*j**2 - 11*j + 20*j + 2*j**2 - x - j**3. What is a(7)?
6
Let q = 9 - 5. Let d be (4 + -10)/(q + -2). Let m(s) = -s**3 - 4*s**2 - 2*s - 3. What is m(d)?
-6
Let i = -458 - -455. Let z(c) = -c**2 + 2*c. Give z(i).
-15
Let q(x) = -148 + 9*x**2 + 2*x**2 + 147. Determine q(-1).
10
Let d(h) = 2064*h**2 - 4126*h**2 + 13*h + 2063*h**2 - 11. What is d(-14)?
3
Suppose 0*s = 2*s. Suppose 2*m + 0*w + w + 6 = 0, s = 3*m + 2*w + 11. Let z(g) be the second derivative of 13*g**3/6 - g**2/2 + 2*g. Calculate z(m).
-14
Let t(a) = -a**2 - 40*a + 220. Let r be t(-45). Let g(w) = -w**2 - w + 1. Give g(r).
-19
Let h(u) be the second derivative of -u**4/12 + u**3 + 3*u**2 - 64*u. Calculate h(5).
11
Let d be (-9)/(63/7) - -3. Let f(p) = p**2 - 3*p**2 - p**3 + 3*p**2 - p. Determine f(d).
-6
Let z(a) = 2*a - 11*a**2 + a - 5*a - 1. Give z(-1).
-10
Let z = 22 + -17. Suppose 0 = z*f - 7*f. Let n(r) = 4*r + 5*r - 8*r + f*r. What is n(3)?
3
Let b(z) be the first derivative of 6 + 1/12*z**4 + z**3 - 3/2*z**2 + 6*z. Let t(c) be the first derivative of b(c). What is t(-6)?
-3
Suppose -14*c - 13*c = -43*c. Let y(p) be the second derivative of -8*p + 1/6*p**3 - p**2 + c. What is y(2)?
0
Let v = 1 - -4. Suppose 2 + 8 = v*k. Let t(z) = 2*z + z + 0*z + 0 - 1. What is t(k)?
5
Suppose 0 = -3*f + 8*f + 5. Let a be 30/10 + (-2)/f. Let p(z) = -z**3 + 7*z**2 - 7*z + 4. Determine p(a).
19
Suppose 5*f - 26 = 4*j, 2*f - 4*j = -0*f + 20. Let x be 0/((-2)/2)*-1. Let g(b) = f*b + x*b + 4 + b + 0*b. Calculate g(-3).
-5
Let x(b) = -2*b - 26. Let q be x(-13). Let t(v) = 83*v**3 - 16 - 84*v**3 - v + 0*v. Determine t(q).
-16
Let u(k) = -5*k - 1 + 4 - 2*k. Suppose 0 = 3*q + 5*q - 16. Give u(q).
-11
Let o(x) = -3609*x - 3607*x + 7215*x - 7. Let m(r) = r**3 - 7*r**2 + 5*r - 6. Let c be m(6). What is o(c)?
5
Let v be (-87)/12*-4 + 0. Let w = 40 - v. Let i(y) = -y**2 + 10*y + 6. Give i(w).
-5
Let r(n) = 1. Let q(g) = g**2 - 3*g + 4. Let h(x) = -q(x) - 2*r(x). What is h(4)?
-10
Let u = 2 + -2. Let z(m) = -16*m**3 + 5*m**2 + 6*m - 18. Let t(r) = -3*r**3 + r**2 + r - 3. Let g(a) = 11*t(a) - 2*z(a). Determine g(u).
3
Let t(s) = 26*s + 451. Let u be t(-17). Let o(x) = x**3 - 10*x**2 + 5*x + 19. Give o(u).
-17
Let m(s) = s - 1. Let g(t) = -5*t - 2. Let r(w) = -g(w) + 2*m(w). Suppose -8 = 4*q - 2*q. Let z be (-1)/12*q*3. What is r(z)?
7
Let k(p) = -p + 2. Let o(l) = 4*l**3 + l**2 - l + 1. Let w = -14 + 15. Let q be o(w). Suppose q*f = 2*u + 19, 5*f - 31 = u - 3*u. Determine k(u).
-1
Let h(m) = -7*m - 5. Let g be h(-6). Let s(n) = g*n + 2 - 38*n + 2. Give s(-6).
10
Let d(v) = 5*v + 12. Let u(m) = -6*m - 13. Let k(t) = 4*d(t) + 3*u(t). Let z(b) = b**2 - 5*b - 2. Let g be z(6). Let l be (-69)/12 - 1/g. Determine k(l).
-3
Let t(m) = 108*m**2 + 108*m**2 + 1 - 3*m - 318*m**2 + 103*m**2. What is t(5)?
11
Let q be 3*(-2)/(-6)*-7. Let f = q + 12. Suppose t - 3*a + 5 = -2*a, -3*t + 1 = f*a. Let r(k) = -k**3 - 4*k**2 - 4*k - 4. Determine r(t).
-1
Let m be -2 + -2 - (-81)/20. Let k(p) be the second derivative of 7/12*p**4 + m*p**5 + 5/2*p**2 + 4*p + p**3 + 0. Determine k(-6).
5
Let z be (7 + -13)*(-2)/4. Suppose -q = z*h - 6*q, q - 23 = -4*h. Let o(i) = i**3 - 6*i**2 + 7*i - 5. Give o(h).
5
Let h(t) = 5*t**2 + 6. Let f(r) = -6*r**2 - r - 7. Let q(y) = 4*f(y) + 5*h(y). Determine q(3).
-1
Let y = -711 + 715. Let p(w) = 3*w - 2. What is p(y)?
10
Let n = 77 - 82. Let d be 20/9 - 6/27. Let p(r) = -4 + 6*r**2 + d - 6*r - 7*r**2. Calculate p(n).
3
Let v(p) = -4 + 4*p**2 + p**2 + 4*p - 6*p**2. Let m = 41 - 36. Give v(m).
-9
Let g(o) be the first derivative of -o**4/4 + 2*o**3/3 + 3*o**2/2 + 2*o + 48. Calculate g(4).
-18